 by 5525?
18
Calculate the remainder when 245899 is divided by 232.
211
Calculate the remainder when 76077601 is divided by 1587.
1582
Calculate the remainder when 562723 is divided by 38.
19
Calculate the remainder when 87713514 is divided by 116.
114
Calculate the remainder when 2668285 is divided by 4049.
4043
Calculate the remainder when 820526 is divided by 143.
135
What is the remainder when 9982484 is divided by 907493?
61
Calculate the remainder when 18182289 is divided by 43.
40
What is the remainder when 103738 is divided by 3259?
2709
What is the remainder when 9121855 is divided by 4560923?
9
Calculate the remainder when 619574 is divided by 3920.
214
What is the remainder when 19052914 is divided by 665?
664
Calculate the remainder when 13550 is divided by 2993.
1578
Calculate the remainder when 525669 is divided by 105086.
239
What is the remainder when 152930 is divided by 1217?
805
Calculate the remainder when 1377383 is divided by 17.
9
What is the remainder when 410956 is divided by 222?
34
Calculate the remainder when 669419 is divided by 1674.
1493
What is the remainder when 44541 is divided by 5550?
141
Calculate the remainder when 170143870 is divided by 496.
494
What is the remainder when 48486 is divided by 22135?
4216
What is the remainder when 183172 is divided by 14787?
5728
What is the remainder when 190569567 is divided by 3424?
3423
Calculate the remainder when 6617590 is divided by 3743.
3709
What is the remainder when 461228 is divided by 791?
75
Calculate the remainder when 37913 is divided by 3366.
887
What is the remainder when 454755461 is divided by 42?
41
Calculate the remainder when 127508634 is divided by 219087.
0
What is the remainder when 10964149 is divided by 5482065?
19
What is the remainder when 214478391 is divided by 6741?
6735
Calculate the remainder when 83016 is divided by 814.
802
Calculate the remainder when 6167174 is divided by 18.
14
Calculate the remainder when 4048767 is divided by 1038.
567
Calculate the remainder when 3169597 is divided by 3169461.
136
What is the remainder when 7577924 is divided by 151?
140
What is the remainder when 22616240 is divided by 35173?
1
Calculate the remainder when 1886186 is divided by 209431.
1307
What is the remainder when 19237 is divided by 17631?
1606
What is the remainder when 3353 is divided by 1555?
243
What is the remainder when 615241 is divided by 6090?
151
What is the remainder when 591834 is divided by 282?
198
Calculate the remainder when 279881 is divided by 784.
777
What is the remainder when 247357 is divided by 7067?
12
What is the remainder when 41087282 is divided by 41087237?
45
Calculate the remainder when 13302239 is divided by 4494.
4493
What is the remainder when 25190679 is divided by 999?
894
What is the remainder when 7584659 is divided by 135440?
19
What is the remainder when 370133 is divided by 40918?
1871
What is the remainder when 1285023 is divided by 5399?
61
What is the remainder when 71234 is divided by 11866?
38
What is the remainder when 4353343 is divided by 665?
253
Calculate the remainder when 111868 is divided by 18050.
3568
What is the remainder when 66723490 is divided by 66?
64
Calculate the remainder when 492910 is divided by 4141.
131
Calculate the remainder when 228313954 is divided by 38052323.
16
Calculate the remainder when 17463186 is divided by 231.
48
What is the remainder when 67215096 is divided by 16803773?
4
What is the remainder when 34016610 is divided by 799?
783
Calculate the remainder when 1791761 is divided by 259.
258
Calculate the remainder when 285038 is divided by 1930.
1328
Calculate the remainder when 308129 is divided by 49.
17
Calculate the remainder when 399922 is divided by 132608.
2098
What is the remainder when 151881479 is divided by 37970369?
3
What is the remainder when 3946027 is divided by 183?
181
What is the remainder when 414563 is divided by 41?
12
What is the remainder when 297994 is divided by 49646?
118
Calculate the remainder when 11278800 is divided by 7.
1
What is the remainder when 16396756 is divided by 41?
36
What is the remainder when 2324122 is divided by 642?
82
What is the remainder when 4948299 is divided by 989594?
329
What is the remainder when 5710241 is divided by 3?
2
What is the remainder when 920739 is divided by 2367?
2343
Calculate the remainder when 239263 is divided by 750.
13
What is the remainder when 8594489 is divided by 1555?
4
Calculate the remainder when 2033882 is divided by 34.
2
Calculate the remainder when 33106787 is divided by 858.
857
What is the remainder when 3299328 is divided by 3072?
0
What is the remainder when 28393422 is divided by 3862?
3860
Calculate the remainder when 1766035 is divided by 20535.
25
What is the remainder when 573100 is divided by 275?
0
What is the remainder when 221671272 is divided by 92?
32
Calculate the remainder when 25151002 is divided by 500.
2
What is the remainder when 980334 is divided by 1527?
0
Calculate the remainder when 168260 is divided by 54908.
3536
What is the remainder when 1082936 is divided by 88?
8
What is the remainder when 4469222 is divided by 31?
14
Calculate the remainder when 16846 is divided by 840.
46
What is the remainder when 1963125 is divided by 981484?
157
Calculate the remainder when 58162 is divided by 2113.
1111
What is the remainder when 13109586 is divided by 2642?
2624
What is the remainder when 17597267 is divided by 1187?
1179
Calculate the remainder when 1070250 is divided by 39638.
24
Calculate the remainder when 9177 is divided by 4810.
4367
What is the remainder when 36490 is divided by 34135?
2355
Calculate the remainder when 39873 is divided by 19230.
1413
Calculate the remainder when 1123705 is divided by 38.
7
What is the remainder when 405253 is divided by 36798?
475
Calculate the remainder when 498520 is divided by 4652.
756
Calculate the remainder when 1164041 is divided by 194005.
11
Calculate the remainder when 60077 is divided by 6287.
3494
What is the remainder when 864051 is divided by 96004?
15
Calculate the remainder when 2717558 is divided by 2150.
2108
What is the remainder when 446960803 is divided by 2148850?
3
What is the remainder when 95109 is divided by 75?
9
Calculate the remainder when 81266 is divided by 80904.
362
What is the remainder when 25179522 is divided by 264?
258
Calculate the remainder when 34125740 is divided by 3863.
3861
What is the remainder when 26962796 is divided by 16?
12
What is the remainder when 2380004 is divided by 17000?
4
What is the remainder when 593502 is divided by 275?
52
What is the remainder when 473718 is divided by 4467?
216
What is the remainder when 6595642 is divided by 58?
56
What is the remainder when 171589 is divided by 229?
68
What is the remainder when 1098019 is divided by 24400?
19
What is the remainder when 94918580 is divided by 9?
8
Calculate the remainder when 43358695 is divided by 14452883.
46
Calculate the remainder when 2601543 is divided by 873.
3
What is the remainder when 833199 is divided by 1827?
87
What is the remainder when 52160 is divided by 1272?
8
What is the remainder when 106277 is divided by 9658?
39
What is the remainder when 1401595 is divided by 2459?
2424
Calculate the remainder when 96257 is divided by 2347.
30
What is the remainder when 2203093 is divided by 550772?
5
Calculate the remainder when 28822511 is divided by 213.
203
What is the remainder when 788769 is divided by 461?
459
Calculate the remainder when 66994873 is divided by 1998.
1933
What is the remainder when 5925952 is divided by 307?
238
What is the remainder when 2153797 is divided by 979?
976
What is the remainder when 91680 is divided by 10176?
96
What is the remainder when 8552135 is divided by 1037?
1033
What is the remainder when 2812019 is divided by 73997?
133
What is the remainder when 129932710 is divided by 36?
34
What is the remainder when 120055334 is divided by 80?
54
Calculate the remainder when 186139 is divided by 92998.
143
What is the remainder when 142470702 is divided by 4506?
4500
What is the remainder when 331430 is divided by 14410?
0
Calculate the remainder when 1462598 is divided by 7334.
3132
What is the remainder when 1203502 is divided by 14858?
4
Calculate th